composite number?
True
Is 4676769983 a prime number?
True
Is 17308489967 composite?
False
Is 45919645817 composite?
True
Is 15885044531 composite?
False
Is 1043394109 prime?
True
Is 54722788703 composite?
True
Is 15759019 a composite number?
True
Is 1723616438 a composite number?
True
Is 2346130867 a composite number?
True
Is 34606563193 a prime number?
False
Is 323525663 composite?
True
Is 59625503134 a composite number?
True
Is 27354418841 a prime number?
True
Is 889517587 a composite number?
True
Is 12483281501 a composite number?
True
Is 5808246842 composite?
True
Is 33678077 a composite number?
True
Is 22758127787 prime?
True
Is 16186771109 composite?
True
Is 2762197153 prime?
True
Is 7770433651 a prime number?
True
Is 851095723 prime?
True
Is 435745237 composite?
False
Is 23849693086 a composite number?
True
Is 102951221917 composite?
False
Is 36899618233 composite?
False
Is 9250477721 a prime number?
True
Is 4924643 prime?
True
Is 11474580881 prime?
False
Is 1455383609 composite?
False
Is 347580062407 composite?
True
Is 481016269 prime?
False
Is 387103667 a composite number?
False
Is 9493037977 a composite number?
False
Is 486161917 a prime number?
True
Is 2889893227 a prime number?
False
Is 30695250361 composite?
True
Is 1074829949 prime?
False
Is 1148516321 a prime number?
True
Is 3948549559 a composite number?
False
Is 540013 a prime number?
False
Is 33156848659 prime?
False
Is 348590101 a composite number?
False
Is 7725849317 composite?
False
Is 3322267783 a prime number?
True
Is 3291189941 a composite number?
True
Is 7339945099 a composite number?
True
Is 20689399301 prime?
True
Is 3489861101 a composite number?
False
Is 430162657 prime?
True
Is 12698940769 composite?
False
Is 11538246673 prime?
True
Is 1225776019 composite?
True
Is 5819736787 prime?
True
Is 459818441 composite?
True
Is 258398663 composite?
False
Is 115443203219 a prime number?
False
Is 149493469 a composite number?
True
Is 13721246789 a prime number?
False
Is 4283576071 a composite number?
True
Is 1490860451 a prime number?
True
Is 15075364147 prime?
False
Is 52237208849 a composite number?
True
Is 70739899283 a composite number?
False
Is 334264459 prime?
True
Is 38419565993 a composite number?
True
Is 254801461 a prime number?
True
Is 63051719 a prime number?
True
Is 44835004303 composite?
True
Is 2184597673 prime?
False
Is 111905326637 a composite number?
True
Is 6543199609 a prime number?
False
Is 13959295363 prime?
False
Is 16770440507 a prime number?
True
Is 4461644423 composite?
False
Is 9781251031 a prime number?
True
Is 514824059 composite?
False
Is 50969094863 a prime number?
False
Is 137916011 prime?
True
Is 18140226439 composite?
False
Is 305084486011 a prime number?
False
Is 11493461543 composite?
True
Is 1207262411 a prime number?
False
Is 209816251 prime?
True
Is 1288130309 composite?
False
Is 1162569433 prime?
True
Is 41008404431 a prime number?
False
Is 43309937 composite?
True
Is 415824169 prime?
True
Is 7865672281 a composite number?
True
Is 158747987 composite?
True
Is 481155979 composite?
True
Is 7885194701 a composite number?
True
Is 20870619127 prime?
False
Is 7292891279 a composite number?
True
Is 22876249531 composite?
False
Is 2579823823 a composite number?
False
Is 12365941297 composite?
False
Is 38209474021 prime?
True
Is 972773939 prime?
True
Is 1606070069 prime?
True
Is 256725527 prime?
False
Is 113660471267 composite?
True
Is 145914673 prime?
False
Is 191067157189 a composite number?
False
Is 1533769571 prime?
False
Is 2708655911 prime?
False
Is 1085542681 a prime number?
True
Is 1021197731 prime?
False
Is 19529319349 prime?
False
Is 2232994769 prime?
False
Is 1367047069 composite?
True
Is 2683891997 composite?
False
Is 3698726939 a composite number?
False
Is 1510841567 prime?
False
Is 213539386 prime?
False
Is 74542763 a prime number?
False
Is 14613109535 composite?
True
Is 281750929 prime?
False
Is 54744126367 composite?
True
Is 135562289 a composite number?
False
Is 7105433239 prime?
True
Is 4701754009 prime?
True
Is 5519315843 a composite number?
False
Is 1716745301 composite?
True
Is 2096846573 composite?
True
Is 78677923 a prime number?
True
Is 89578918307 a prime number?
True
Is 653849653 prime?
True
Is 1740136807 a prime number?
False
Is 1625722933 a prime number?
False
Is 755173193 composite?
True
Is 1202157287 a composite number?
True
Is 69616032821 a composite number?
False
Is 6116133583 a prime number?
False
Is 1036182557 a prime number?
False
Is 6878027823 a prime number?
False
Is 200585701 a composite number?
False
Is 826127759 a prime number?
True
Is 393852587 prime?
True
Is 1530931429 prime?
True
Is 1033385609 prime?
False
Is 959031571 a composite number?
True
Is 256339703 composite?
False
Is 2222255117 a composite number?
False
Is 1118112227 composite?
False
Is 416040707 a prime number?
True
Is 528081077 a prime number?
True
Is 39715055917 composite?
False
Is 5026230089 a prime number?
False
Is 1535074511 prime?
True
Is 37214303647 prime?
True
Is 2754229199 composite?
True
Is 126510997 prime?
True
Is 2269330183 a prime number?
True
Is 1479144827 composite?
False
Is 31058818247 composite?
False
Is 40351679 a composite number?
True
Is 5500579171 a composite number?
True
Is 1122338023 prime?
True
Is 237601939 a composite number?
False
Is 60107041 a composite number?
False
Is 5761228457 prime?
True
Is 51497373 a composite number?
True
Is 5218928849 a prime number?
True
Is 143530992811 a prime number?
True
Is 1542638343 prime?
False
Is 22359017 a composite number?
True
Is 18229769 composite?
False
Is 189373937 a composite number?
False
Is 56352317221 prime?
True
Is 651917663 prime?
True
Is 704740427 a composite number?
True
Is 23739338431 a prime number?
False
Is 4146011481 a prime number?
False
Is 3289694047 a composite number?
True
Is 4829979929 prime?
True
Is 6420972395 a composite number?
True
Is 89067509 a composite number?
False
Is 76675803959 a prime number?
True
Is 16520505349 composite?
False
Is 3614231695 a composite number?
True
Is 867640841 a prime number?
True
Is 15229449986 composite?
True
Is 2090325343 composite?
True
Is 75297625379 composite?
False
Is 357844859 composite?
False
Is 4946826359 composite?
False
Is 379664371 a composite number?
False
Is 3197791759 composite?
True
Is 635737301 prime?
True
Is 28706153 prime?
False
Is 16948060351 a prime number?
False
Is 46877141 prime?
False
Is 9697184873 composite?
False
Is 6659554129 a prime number?
True
Is 6461184809 a prime number?
True
Is 1330117378435 a prime number?
False
Is 3478269329 prime?
True
Is 25051058779 prime?
True
Is 1399256951 prime?
False
Is 25474785265 a composite number?
True
Is 29051917751 composite?
False
Is 57180177181 composite?
True
Is 684200441 a composite number?
False
Is 412234969 prime?
True
Is 8123190469 composite?
False
Is 2352894361 a composite number?
False
Is 139803218 composite?
True
Is 1942458359 prime?
False
Is 19480477103 a prime number?
True
Is 1865255303 prime?
True
Is 5334497879 composite?
False
Is 66478374223 a prime number?
True
Is 278136707 composite?
False
Is 190960168691 a prime number?
True
Is 6014884621 a composite number?
True
Is 1116382721 a composite number?
False
Is 136346431 prime?
False
Is 53580998563 composite?
False
Is 1685314699 a composite number?
False
Is 3042742429 prime?
True
Is 5225712683 a composite number?
True
Is 1649653619 a prime number?
False
Is 1784336219 composite?
True
Is 9480096139 a composite number?
True
Is 51115843 prime?
False
Is 148690037 a prime number?
True
Is 107795221 a prime number?
True
Is 26719663 prime?
True
Is 2268292111 a prime number?
False
Is 5615323471 composite?
False
Is 1362184091 composite?
False
Is 418463457 a composite number?
True
Is 594885283 prime?
True
Is 3470783579 composite?
False
Is 23423461 prime?
True
Is 2886916141 a composite number?
True
Is 34478336329 prime?
False
Is 5269247965 composite?
True
Is 14655679 prime?
True
Is 31299056941 a prime number?
False
Is 1532899583 composite?
False
Is 433690771 prime?
True
Is 569976049 composite?
True
Is 2148121243 a prime number?
True
Is 556960193 composite?
False
Is 35258979163 composite?
False
Is 14642553803 prime?
False
Is 1630572199 a prime number?
True
Is 1869348853 a composite number?
False
Is 3132373597 prime